f**3 - 3*f**2/2 + 2*f. Let k be m(6). Let r = 18 - k. Calculate the greatest common factor of r and 42.
21
Suppose -24 = -2*c - 2*c. Suppose 5*l + 386 = -d, -4*d + 172 = -2*l - 0*l. Let i = -30 - l. Calculate the greatest common divisor of i and c.
6
Let u = 3 - -3. Suppose -2*g + 0 = -6, -3*g = 5*l + 11. Let b be (-286)/(-6) - l/12. Calculate the greatest common divisor of u and b.
6
Suppose -6*s = -256 - 50. What is the highest common factor of s and 17?
17
Suppose -129 = -6*y + 27. Calculate the greatest common divisor of y and 52.
26
Suppose -b - 46 = -3*b. Let d = b + -11. Calculate the greatest common factor of d and 12.
12
Let s be (0 + -1)*-1*-10. Let g = s + 20. Calculate the highest common factor of g and 90.
10
Suppose -3 = -d - 0. Suppose g = 2*o + 114, d*o - 109 = -5*g + 448. Suppose 5*h = 6 + 64. What is the greatest common factor of h and g?
14
Let l = -1799 + 743. Let t be 6/(-21) + l/(-21). Suppose 0 = -j - 4*w - 6, -j - 5*w - t = -4*j. What is the greatest common factor of 70 and j?
10
Let t be (-2 + 21/(-1))/(-1). Calculate the highest common factor of 115 and t.
23
Suppose -7*d + 222 = 68. Calculate the highest common divisor of 11 and d.
11
Let c(t) = 6*t + 3. Let f be c(-3). Let h = 31 + f. Calculate the greatest common factor of 4 and h.
4
Let c = -17 - 13. Let l be (-175)/c - 1/(-6). Let s be (48/(-40))/(l/(-80)). Calculate the greatest common divisor of s and 128.
16
Let j(a) = a**2 + 8*a + 10. Let i be j(-7). Suppose 4*r - i - 17 = 0. Calculate the greatest common divisor of r and 55.
5
Suppose 0 = 3*c - 2*l + 3*l - 25, 21 = 2*c + 5*l. Suppose 1820 = c*w - 3*w. Let h = -244 + w. What is the greatest common divisor of h and 15?
15
Suppose 5*f - 242 = 4*r, 2*f - 136 = -r - 34. Suppose 0 = -4*v, n - 6*n - v = -f. Calculate the highest common factor of 10 and n.
10
Let v be 6/2 + -4 - -2. Suppose r - 4 = -v. Suppose -r*m + 7*m - 280 = 0. Calculate the highest common divisor of m and 10.
10
Let s = 12 - -16. What is the highest common divisor of 112 and s?
28
Suppose -n + 312 = 4*j, n + 0*j + 2*j = 304. Let f be n/3 + (-14)/21. Calculate the greatest common factor of 14 and f.
14
Let x(r) = 9*r**2 + 4*r - 1. Let l be x(3). What is the greatest common divisor of l and 23?
23
Suppose 11 - 155 = -6*i. Calculate the highest common factor of i and 8.
8
Let g = -42 - -59. What is the greatest common factor of 153 and g?
17
Let l(z) = z**2 + z. Let y be l(5). What is the greatest common factor of 12 and y?
6
Suppose -1 + 26 = 5*r. What is the highest common factor of r and 2?
1
Let x(l) be the second derivative of -2*l**3/3 - 7*l**2/2 - 2*l. Let u be x(-5). Let v = u + 57. What is the greatest common divisor of v and 10?
10
Let g = 147 + -97. Suppose -a + g = a. Calculate the highest common factor of a and 5.
5
Suppose -d + 20 = 5*b, -5*b + 110 = 2*d + d. Suppose 5*p = p. Suppose -m + p*m = -18. What is the highest common factor of m and d?
9
Let o = -12 - -14. Let z = -3 - -8. Suppose -z*a - o*y + 280 = -6*y, -y = 0. What is the greatest common factor of a and 8?
8
Suppose -u = -0*u. Suppose 5*t - 33 - 2 = u. Let x be (-1073)/(-7) + (-2)/t. What is the highest common divisor of 17 and x?
17
Let y(w) = w**3 - 2*w**2 - 4*w + 4. Suppose -3*t + 5*t = -a + 2, -t + 7 = 2*a. Let q be y(a). What is the greatest common divisor of 30 and q?
10
Suppose -5*l - 132 = -9*l. Calculate the highest common divisor of 3 and l.
3
Suppose 5*d - a - 3*a - 9 = 0, 0 = -4*d + 5*a. Suppose 0 = -5*g + d*b + 155, -8 + 41 = g - 2*b. Calculate the greatest common divisor of 319 and g.
29
Suppose 4*r - 2*r = 702. Suppose 3*w + r = 4*d, -89 = -2*d + d + w. Let l be ((-42)/8)/((-6)/16). What is the highest common factor of l and d?
14
Suppose 9*d - 16 = 2. Suppose -3*a - 25 = o - 5*a, 134 = -5*o + a. Let k = 47 + o. Calculate the highest common factor of k and d.
2
Let j(x) = 4*x + 3 - 2*x - 18*x**2 + 19*x**2. Let h be j(-5). Suppose 4*t + t + 5*s = 630, -2*s - 504 = -4*t. Calculate the greatest common divisor of h and t.
18
Let s(d) = d - 20. Let b be s(9). Let l be (1/(-2))/(b/22). What is the highest common divisor of 4 and l?
1
Let j = -27 + 45. Let f be 1 - 0 - 3 - -6. Suppose -f*y + y + 378 = 0. Calculate the greatest common divisor of y and j.
18
Let m(u) = -u**3 - 7*u**2 + 10*u + 8. Let s be m(-8). Let f be 15/(-25)*(s - 2). What is the highest common divisor of 66 and f?
6
Suppose 3*d = 58 + 38. Calculate the greatest common factor of d and 288.
32
Let a(b) = b**3 + 7*b**2 - b + 5. Let m = 4 + -11. Let c be a(m). Let g = 4 + 0. Calculate the highest common factor of c and g.
4
Let q be 12*-1*2/4. Let h = q + 7. What is the highest common factor of 2 and h?
1
Suppose -2*f - 60 = -5*q - 0*f, -5*q + 85 = 3*f. What is the highest common divisor of q and 42?
14
Let c = -136 - -154. What is the highest common factor of c and 24?
6
Let f be (28/(-6) + 0)*102/(-34). What is the greatest common divisor of f and 280?
14
Let s = 96 + -40. Calculate the greatest common factor of s and 7.
7
Suppose 4*x - 3*x + b - 13 = 0, 2*b + 34 = 4*x. Let f be (-5)/(15/(-6)) + x. Calculate the highest common factor of 3 and f.
3
Let w be (-4)/(-2)*18/(-4). Let b be w/(-15) + (-157)/(-5). What is the greatest common factor of 4 and b?
4
Let c = -84 + 102. What is the highest common factor of 2 and c?
2
Suppose -s - 8 = -5*s. Suppose -3*r + u + 2 = 0, 8 = -0*r + 4*r - 4*u. Let w be (r - 0) + 1 - -2. Calculate the greatest common factor of w and s.
1
Let g = -100 - -287. Calculate the highest common factor of g and 17.
17
Let a = -50 + 60. What is the highest common divisor of a and 25?
5
Suppose -t = -119 + 45. Let z = t + -41. Let n(b) = -b. Let f be n(-3). Calculate the highest common factor of z and f.
3
Let w = -20 - -33. Suppose n = 2*b + 19, 4*b = -4*n + b + 43. Calculate the greatest common factor of w and n.
13
Let w(d) = -25*d - 4. Let j be w(-5). Let s(n) = 3*n - 1. Let x be s(4). What is the greatest common factor of j and x?
11
Let p(m) be the first derivative of -m**3/3 - 7*m**2/2 - 8*m - 7. Let j be p(-4). Calculate the highest common factor of j and 36.
4
Let n be (30/14 + -3)/((-6)/28). Calculate the greatest common factor of 10 and n.
2
Let m = 62 - 11. Suppose f - 2*f = -m. What is the highest common factor of f and 17?
17
Let p be 3/(-6)*0/(-2). Suppose r + 4*r - 640 = p. Calculate the highest common divisor of r and 16.
16
Suppose 19*f + 25 = 18*f. Let x = f + 33. Calculate the greatest common divisor of 2 and x.
2
Let q = -28 - -54. What is the greatest common factor of 104 and q?
26
Let z(m) = 5*m**3 - 2*m**2 + 3*m - 3. Let s be z(2). What is the highest common divisor of 70 and s?
35
Suppose 0 = 3*b + 2*x - 883, -x - 183 = b - 476. Suppose 3*j - b + 54 = 0. Calculate the greatest common factor of j and 9.
9
Let c(r) be the second derivative of 3*r**5/20 - r**4/6 + r**3/2 + 2*r. Let w be c(3). What is the highest common divisor of w and 18?
18
Let s be (-4)/18 + (-3070)/(-45). Calculate the greatest common divisor of s and 17.
17
Let p(x) = x - 1. Let w be p(1). Suppose 5*c + w*c - 35 = 0. Calculate the greatest common factor of 35 and c.
7
Suppose 0*x + 63 = -3*x. Let i be (-2)/(-7) - 99/x. Suppose 0 = v + 5*h + i - 19, 10 = v + h. What is the greatest common factor of 72 and v?
9
Let j be 0 - (2 - (-2 - -33)). What is the highest common factor of j and 87?
29
Suppose -5*z = -3*v + 74, -v - 2*v - 5*z = -124. What is the greatest common factor of v and 11?
11
Suppose -a - 2*a + 38 = y, 0 = 4*y - 3*a - 107. Let c be (2*-1)/(-2)*-15. Let p = c + y. Calculate the highest common divisor of p and 7.
7
Let s be 3 - 2 - (-2 + -79). Suppose -2*c + s = -116. Let g be ((-22)/(-4))/((-3)/(-6)). Calculate the greatest common divisor of c and g.
11
Let r be ((-40)/25)/((-1)/15). Calculate the greatest common factor of r and 36.
12
Let l = 15 - 0. Let f be ((-24)/(-15))/(2/l). Calculate the greatest common divisor of 4 and f.
4
Let d(m) = m**3 + 12*m**2 + 13*m + 12. Let t be d(-6). Calculate the greatest common divisor of t and 60.
30
Let p be 6*((-2)/6 + 0). Let g be -2 + p*(-7 - 0). What is the highest common factor of 36 and g?
12
Let i = 23 + -25. Let f be (30/(-8))/(i/8). Calculate the highest common divisor of 6 and f.
3
Let y(q) = -q**2 - 12*q + 9. Let p(c) = 1